t common factor of 1326447055 and 691?
691
Calculate the greatest common divisor of 130 and 7432308.
26
What is the greatest common divisor of 2287622 and 610?
122
What is the highest common factor of 288 and 22645744?
16
What is the greatest common divisor of 3930 and 6454632?
786
What is the greatest common divisor of 6253 and 157898?
13
What is the greatest common divisor of 364 and 208154492?
364
Calculate the greatest common factor of 913 and 5411571.
11
What is the highest common divisor of 14 and 27552056?
14
What is the greatest common factor of 25191 and 3331?
1
Calculate the highest common factor of 513458 and 4642.
22
Calculate the highest common factor of 930699 and 4809.
21
What is the highest common factor of 23394650 and 50?
50
Calculate the highest common divisor of 1325 and 148877.
53
What is the greatest common divisor of 150 and 227950000?
50
What is the greatest common divisor of 812094 and 5850?
6
What is the greatest common factor of 142450 and 108410?
370
What is the greatest common factor of 516032855 and 3172?
793
Calculate the highest common factor of 8 and 1994296.
8
What is the highest common divisor of 73865 and 689275?
395
Calculate the highest common factor of 1139035 and 6437.
157
What is the highest common divisor of 80 and 5172055?
5
What is the highest common factor of 477 and 357074568?
477
Calculate the highest common factor of 14194026 and 15827.
931
Calculate the highest common divisor of 6517407 and 13533.
39
What is the greatest common divisor of 3985454 and 3454?
22
What is the greatest common divisor of 4134 and 41337933?
2067
Calculate the highest common factor of 17 and 7814951.
17
Calculate the greatest common factor of 66885 and 17691765.
1365
What is the greatest common factor of 259 and 17392997?
37
What is the greatest common factor of 48925695 and 1533?
1533
Calculate the highest common divisor of 657537 and 72861.
447
What is the highest common divisor of 40 and 27685730?
10
What is the greatest common divisor of 31237776 and 159?
159
What is the highest common divisor of 7535 and 65191313?
1507
Calculate the greatest common divisor of 3502 and 163438.
34
Calculate the highest common factor of 75 and 821010.
15
Calculate the greatest common factor of 111422913 and 1785.
357
Calculate the highest common factor of 82920 and 813998.
1382
Calculate the highest common divisor of 552273975 and 9.
9
What is the highest common divisor of 13342 and 1934650039?
6671
What is the greatest common factor of 16 and 8081572?
4
What is the greatest common factor of 160363 and 6541?
31
Calculate the greatest common factor of 1011358 and 9322.
158
What is the greatest common factor of 258 and 1456432962?
258
Calculate the greatest common factor of 759 and 216845817.
69
Calculate the highest common divisor of 1520857 and 169.
13
Calculate the highest common factor of 14 and 29236214.
14
What is the greatest common factor of 104412 and 23052?
1356
Calculate the greatest common divisor of 31453532 and 132.
44
What is the greatest common factor of 585396 and 26243?
161
What is the greatest common factor of 6941 and 451?
11
Calculate the highest common factor of 3789789 and 129.
3
Calculate the greatest common divisor of 4062904 and 736759.
7153
Calculate the highest common factor of 127572 and 6660.
12
Calculate the greatest common divisor of 41832 and 35447972.
2324
What is the greatest common factor of 51 and 713257287?
51
Calculate the greatest common divisor of 27 and 8079273.
9
Calculate the greatest common divisor of 3416 and 28756.
28
What is the greatest common divisor of 2917 and 14039521?
2917
Calculate the greatest common divisor of 20770 and 401367788.
4154
What is the highest common divisor of 4091408 and 64?
16
What is the highest common divisor of 5835 and 169526589?
1167
What is the greatest common factor of 4458 and 322219782?
4458
What is the greatest common divisor of 12100011 and 2772?
231
Calculate the greatest common factor of 3747048 and 24.
24
Calculate the greatest common factor of 638115 and 5833.
19
What is the highest common divisor of 102744363 and 5331?
5331
Calculate the highest common factor of 5712 and 4910008.
136
Calculate the greatest common divisor of 264 and 61727204.
44
What is the highest common factor of 2600 and 4397200?
200
Calculate the highest common factor of 1147 and 714953.
31
What is the highest common divisor of 210 and 4925214?
42
What is the highest common divisor of 18435 and 592065?
15
What is the highest common factor of 33962080 and 1340?
20
Calculate the greatest common divisor of 131982270 and 28.
14
Calculate the greatest common divisor of 584 and 186632.
8
Calculate the greatest common factor of 1920 and 5019120.
240
Calculate the highest common factor of 45060 and 826940.
20
Calculate the greatest common factor of 11536 and 17122411.
103
Calculate the highest common factor of 61146 and 6147366.
258
Calculate the highest common divisor of 2158020 and 1620.
180
Calculate the greatest common factor of 727328 and 8344.
56
Calculate the greatest common factor of 354460 and 13340.
20
Calculate the greatest common divisor of 1819448690 and 4276.
2138
What is the greatest common divisor of 560 and 133760?
80
Calculate the greatest common divisor of 5751567 and 2673.
243
Calculate the greatest common divisor of 684 and 641252660.
76
Calculate the greatest common divisor of 21207504 and 172752.
2928
What is the greatest common factor of 5895 and 943724?
131
Calculate the greatest common factor of 12971 and 916363.
763
What is the greatest common divisor of 109326 and 5546499?
399
What is the greatest common factor of 550 and 132654610?
110
Calculate the highest common divisor of 1312216 and 897056.
776
What is the greatest common divisor of 8984213 and 40554?
751
What is the greatest common divisor of 518 and 29862?
14
Calculate the highest common factor of 6480 and 762148440.
3240
Calculate the highest common divisor of 63 and 1100156.
1
What is the highest common divisor of 7833 and 249460908?
1119
What is the greatest common divisor of 13834628 and 16?
4
What is the highest common divisor of 18 and 51242118?
6
Calculate the highest common factor of 16030458 and 32060.
458
What is the highest common factor of 586504 and 1?
1
What is the greatest common factor of 6192 and 323787936?
2064
What is the greatest common divisor of 210640 and 7040?
80
Calculate the greatest common factor of 7 and 574553.
7
What is the greatest common factor of 111948144 and 58212?
6468
What is the greatest common factor of 915 and 21353965?
305
Calculate the highest common factor of 1112886 and 271259.
557
What is the greatest common factor of 58898 and 82322576?
8414
What is the highest common factor of 938096425 and 124?
31
What is the greatest common divisor of 756 and 6053418?
126
Calculate the highest common divisor of 7653 and 84348.
3
Calculate the greatest common factor of 14440 and 3360910.
3610
What is the greatest common factor of 50664110 and 3157?
287
Calculate the greatest common divisor of 19649 and 61551896.
2807
Calculate the greatest common factor of 43405351 and 1.
1
What is the highest common divisor of 502219 and 9169?
173
Calculate the highest common divisor of 3292407660 and 978.
978
Calculate the highest common factor of 7735295 and 2577.
859
What is the greatest common factor of 2205 and 10881?
9
Calculate the highest common divisor of 54936 and 88848.
72
What is the highest common divisor of 455 and 401135?
35
Calculate the highest common factor of 744 and 5975715.
93
Calculate the highest common divisor of 1017 and 610487811.
1017
What is the highest common divisor of 330 and 114271800?
30
Calculate the highest common factor of 527229 and 1311552.
1863
Calculate the highest common factor of 59 and 51985077.
59
What is the highest common divisor of 167200 and 48735?
95
Calculate the highest common divisor of 10724 and 255844.
1532
Calculate the greatest common divisor of 188 and 12277387.
47
What is the greatest common divisor of 123446092 and 8?
4
What is the highest common divisor of 105 and 4361035?
35
What is the greatest common factor of 35 and 24684751?
7
What is the greatest common divisor of 81743613 and 749?
749
What is the greatest common divisor